 j)/(-5 + 4). Let y = p + 646. List the prime factors of y.
2, 13
Suppose -356*n - 3937280 + 16830176 = 0. What are the prime factors of n?
2, 3, 503
Let p(x) = 125*x + 633. List the prime factors of p(33).
2, 3, 13, 61
Let l(v) = 6*v**2 - 10*v + 28. Let w be 0 - (-40 - 0)/4. Let o be l(w). Suppose 2*c - 2*m - 270 = 0, 0 = 4*c - m - 0*m - o. List the prime factors of c.
131
Let o(p) = -p**3 - 10*p**2 + 18*p + 12. Let m(f) = f**2 + 9*f + 24. Let j be m(-5). Let v be (-1040)/88 + j/(-22). What are the prime factors of o(v)?
2, 3, 7
Suppose 545*k - 474453 = 494*k. List the prime factors of k.
3, 7, 443
Suppose -799546 - 446302 = -36*p - 281084. List the prime factors of p.
3, 8933
Let z be 6/((64/10 - 3) + -3). Suppose b + 2*c = 3*b - 6, 3*c = 5*b - z. Suppose f - 5*v = 29, -f + 29 = b*v - 24. What are the prime factors of f?
2, 11
Let b be (-13416)/(-14) + (-40)/(-7) + -6. Suppose -9*l + 1049 = -b. Suppose 5*a + 3*w - l = 126, -3*a + 217 = -2*w. What are the prime factors of a?
71
Let o be 30/(-15) - (-12)/2. Let t(q) = q - 1. Let v be t(o). Suppose -v*d + f + 88 = 5*f, -d + 29 = f. List the prime factors of d.
2, 7
Suppose 3*a - 213399 = -14*c + 167681, 2*c - 54440 = a. List the prime factors of c.
2, 5, 1361
Let i be (-13641)/45 - ((-8)/(-30))/(-2). Let d = i + 1002. List the prime factors of d.
3, 233
What are the prime factors of ((17208800/250)/49)/((-2)/(-230)*2)?
2, 23, 439
Let l(k) = 17*k**3 + 9*k**2 + 7*k + 6. Let t be l(-3). Let p = -42 - t. List the prime factors of p.
3, 13
Let d(f) = -f. Let c(n) = -8*n - 3. Let m(i) = c(i) - 6*d(i). Let z be m(-6). List the prime factors of (6/z)/(2/39).
13
Let n = -307 - -330. Let z(u) = u**3 - 22*u**2 - 6*u - 17. List the prime factors of z(n).
2, 11, 17
Suppose -4*g + 8*g - 16 = 0. Suppose 13 + 3 = g*a. List the prime factors of (-1385)/(-80)*4*a.
277
Let i(d) = -2*d - 18. Let m be i(6). Let a be (-47)/(-3) + (-10)/m. Suppose -a*n + 19*n - 192 = 0. What are the prime factors of n?
2
Suppose -5*i + 25 = 0, -326 = -3*x + i - 5*i. Let l(m) = -m**3 - m**2 - 2*m + 390. Let a be l(0). Suppose 2*y - a + x = 0. What are the prime factors of y?
2, 3
Let o = 7023 + -2845. List the prime factors of o.
2, 2089
Let a be (-3 - 72/(-8))*3/(-2). What are the prime factors of (0 + (-2)/(-3) + -67)*a?
3, 199
Let n = 64 + -64. Suppose 3*g = 5*p - 1540, n = 2*p - 2*g - 99 - 517. What are the prime factors of p?
2, 7, 11
Let r(s) = s**3 + 39*s**2 - 104*s - 2751. What are the prime factors of r(-32)?
5, 1549
Let i be 6/(-2)*(-4)/(-12). Let x(y) = -302*y**3 + 2*y + 1. Let m be x(i). Let z = m + -32. List the prime factors of z.
269
Suppose -5*f + 34 - 14 = 0. Suppose -f*m = i - 209, 671 = i + 2*i + m. List the prime factors of i.
3, 5
Suppose -2*y - 38 = -2*m, -7*m = -2*m - 2*y - 89. Suppose 3*d - m = 3*h - 11, -h = 2*d - 4. What are the prime factors of d?
2
Let q(s) = 3*s**2 + 7. Let k be (-3)/(-2) - 133/(-38). Suppose 7 = -k*g - 18. What are the prime factors of q(g)?
2, 41
Let s(o) = -2*o**3 - 36*o**2 + 87*o + 1944. What are the prime factors of s(-37)?
31, 1637
Let j(y) = 116*y**2 - 110*y + 33. What are the prime factors of j(15)?
3, 8161
Let l = 91 - 54. Let h = l - 27. Suppose -15*s + h*s + 100 = 0. List the prime factors of s.
2, 5
Suppose -24503 = -j - 4*y + 3065, -j = 3*y - 27571. List the prime factors of j.
2, 5, 7, 197
Let p(l) = -458*l - 6. Let h(b) = 3*b - 2. Let q(s) = 10*h(s) + 2*p(s). What are the prime factors of q(-1)?
2, 7, 61
Let s = 51 - 48. Suppose -2*w = -s*w + 6. Let z(p) = -2*p**3 + 12*p**2 + p + 2. What are the prime factors of z(w)?
2
List the prime factors of 915520/80 + (-16 - -1).
11, 1039
Let p be -2*(-20)/(-4 + 8). Let w be (-16)/(-7) + p/(-35). Suppose -3*a + 3*o = w*a - 91, -77 = -4*a + o. List the prime factors of a.
2, 5
Suppose -16*u - 1701 + 6405 = 0. Suppose 3*m - 6*m + u = 0. List the prime factors of m.
2, 7
Let o(q) = -q**3 + 2*q**2 + 5*q - 2. Let u be o(3). Let c = -3945 + 4242. Suppose u*g = -4*d + 628, -2*d + c + 5 = -2*g. What are the prime factors of d?
2, 7, 11
Suppose -89*m + 394924 + 17480 = -1070781. List the prime factors of m.
3, 5, 11, 101
Let m = 503 - 299. Let o = m + 109. Let p = o + -183. What are the prime factors of p?
2, 5, 13
Let p = 222 - 219. Suppose -i + 461 = -3*k + 1152, -p*i = -2*k + 470. What are the prime factors of k?
229
Let f(n) = 8*n**2 - 20*n - 7. Let w be f(3). Suppose 8*j - 865 = -w*z + 3*j, 0 = z - 5*j - 197. List the prime factors of z.
3, 59
Let u(p) = 19*p - 35. Suppose 5 = n, 2*f = 6*f + n - 29. What are the prime factors of u(f)?
79
Let r(v) = -v**3 - v**2. Let k(q) = -4*q**3 + 8*q**2 + 12*q + 3. Let n(x) = k(x) - 3*r(x). Let w be n(12). Suppose d - 364 = -w*d. List the prime factors of d.
7, 13
Suppose 20 + 52 = -9*b. What are the prime factors of b/28 + (10730/(-14))/(-5)?
3, 17
Suppose -2180 = 10*v - 8810. Suppose v = 3*g + 3*s, g - 446 = -g - 4*s. List the prime factors of g.
3, 73
Let s = 47 + -44. Suppose 228 = s*y + 5*x, -5*x + 3 = -12. Let q = y + -30. What are the prime factors of q?
41
Let b = -1695 + 1111. Let i be (b/(-4) + -5)/((-6)/(-16)). Let u = i + -265. List the prime factors of u.
3, 37
Suppose -2*p - 19 = -3. What are the prime factors of (p - -246)*44/8?
7, 11, 17
Let p(o) = -2*o**2 + 17. Let k be p(-4). Let a be (-170)/k*1/((-6)/(-9)). Suppose -t - c + 6 = 0, 4*c + a = 3*t - 15. What are the prime factors of t?
2
Let p(h) = 4*h**2 + 10*h - 6. Let l(c) = -2*c**3 + c - 1. Let b(j) = 3*l(j) - p(j). List the prime factors of b(-4).
3, 13
Let i(s) = 197*s**2 + 172*s + 20. What are the prime factors of i(-6)?
2, 5, 19
Let r = 66 + 23. Suppose 130*i - 24 = 124*i. What are the prime factors of (r/i)/((-12)/(-48))?
89
Let j be (-3050)/(-600) + 1/(-12). Suppose -10*m = j*m - 27720. List the prime factors of m.
2, 3, 7, 11
Let i be (-1 - (-39)/(-9))*(-15)/20. What are the prime factors of 398/i - (-23)/46?
2, 5
Let g(l) = -25*l**3 - 4*l**2 - 5*l - 3. Let s = -9 - -7. Let x be g(s). Let h = x + -50. What are the prime factors of h?
3, 47
Suppose 12*b - 8*b - 292 = 0. Let n = b + 217. List the prime factors of n.
2, 5, 29
Suppose -923764 = -126*y + 5*y - 206597. List the prime factors of y.
5927
Suppose 1928*c - 18336 = 1916*c. What are the prime factors of c?
2, 191
Let r(t) = 26*t - 7. Let v be r(7). Suppose -119*l = -116*l + 105. Let d = l + v. List the prime factors of d.
2, 5, 7
Let s(j) = 0*j + 98*j**2 - 4*j + 21 - 108*j**2 + j**3. Let l be s(11). Suppose -2*z - 4 = 0, n - 3*z = -z + l. What are the prime factors of n?
2, 47
Suppose -3*h = 5*w - 26, -5*h + h + 4 = -w. Let l be (-3)/(-1) + (h - 13). What are the prime factors of l/5*(-1365)/26?
2, 3, 7
List the prime factors of ((-27600)/96)/((-1)/34) - -1.
2, 13, 47
Let x be 1/(4/80)*(-5)/4. Let b be 20/x*(2 - 7). Suppose 442 = 3*h + 4*q, b*h - 788 = 4*q - 208. What are the prime factors of h?
2, 73
Suppose 203*l + 15 = 200*l, 5*t = -2*l + 23670. What are the prime factors of t?
2, 37
Suppose -w = -4*u - 13746, 799*w - 2*u - 68892 = 794*w. What are the prime factors of w?
2, 3, 2297
Suppose -2999*x - 128735 + 467815 = -2943*x. What are the prime factors of x?
5, 7, 173
Suppose 96*o + 271225 - 710731 = 643662. What are the prime factors of o?
3, 3761
Suppose 3*w - 42611 = 4*a, 5*w - 25795 = a + 45246. Suppose w = 16*g - 127. List the prime factors of g.
2, 7
Suppose -7*q - 4 = -3*q. Let k(s) = s**2 - s. Let f(y) = y**3 + 3*y**2 + 13*y + 9. Let j(v) = q*f(v) - 6*k(v). What are the prime factors of j(-9)?
2, 3
Let w(g) = -g**3 + 3*g**2 - 15*g - 1. Let k be w(8). Let v = k - -1160. What are the prime factors of v?
719
Let d(c) = 16*c + 6574. List the prime factors of d(142).
2, 4423
List the prime factors of 27010/1 + -9 + (-6 - 2)/(-4).
3, 9001
Suppose 3*s - 2748 = l - 6*l, 4*s + 4*l - 3664 = 0. Let i = s + -419. List the prime factors of i.
7, 71
Let o be (-12)/(-8)*(-296)/(-6). Let l be 297/27 + 31 + 0. Let u = o - l. List the prime factors of u.
2
Let a be ((-27)/((-972)/120))/((-1)/(-18)). Suppose -708 = a*s - 64*s. List the prime factors of s.
3, 59
Let x(o) = 6*o**2 + o + 930. Let w be x(0). Let p = w + -550. List the prime factors of p.
2, 5, 19
Suppose 2*j + 4*g - 4 = 0, 4*g + 4 = 2*j - 8. Suppose 5 - 13 = -j*v, 249 = r - 2*v. List the prime factors of r.
11, 